[INFO] cloning repository https://github.com/Ristarg/tachyon
[INFO] running `Command { std: "git" "-c" "credential.helper=" "-c" "credential.helper=/workspace/cargo-home/bin/git-credential-null" "clone" "--bare" "https://github.com/Ristarg/tachyon" "/workspace/cache/git-repos/https%3A%2F%2Fgithub.com%2FRistarg%2Ftachyon", kill_on_drop: false }`
[INFO] [stderr] Cloning into bare repository '/workspace/cache/git-repos/https%3A%2F%2Fgithub.com%2FRistarg%2Ftachyon'...
[INFO] running `Command { std: "git" "rev-parse" "HEAD", kill_on_drop: false }`
[INFO] [stdout] 17496d078260189253b5d39ed64a063d0af3d145
[INFO] building Ristarg/tachyon against master#ff34b919075f35a1787659e9c448a34b06bab8de for issue-85264
[INFO] running `Command { std: "git" "clone" "/workspace/cache/git-repos/https%3A%2F%2Fgithub.com%2FRistarg%2Ftachyon" "/workspace/builds/worker-10/source", kill_on_drop: false }`
[INFO] [stderr] Cloning into '/workspace/builds/worker-10/source'...
[INFO] [stderr] done.
[INFO] validating manifest of git repo https://github.com/Ristarg/tachyon on toolchain ff34b919075f35a1787659e9c448a34b06bab8de
[INFO] running `Command { std: "/workspace/cargo-home/bin/cargo" "+ff34b919075f35a1787659e9c448a34b06bab8de" "metadata" "--manifest-path" "Cargo.toml" "--no-deps", kill_on_drop: false }`
[INFO] started tweaking git repo https://github.com/Ristarg/tachyon
[INFO] finished tweaking git repo https://github.com/Ristarg/tachyon
[INFO] tweaked toml for git repo https://github.com/Ristarg/tachyon written to /workspace/builds/worker-10/source/Cargo.toml
[INFO] crate git repo https://github.com/Ristarg/tachyon already has a lockfile, it will not be regenerated
[INFO] running `Command { std: "/workspace/cargo-home/bin/cargo" "+ff34b919075f35a1787659e9c448a34b06bab8de" "fetch" "--manifest-path" "Cargo.toml", kill_on_drop: false }`
[INFO] running `Command { std: "docker" "create" "-v" "/var/lib/crater-agent-workspace/builds/worker-10/target:/opt/rustwide/target:rw,Z" "-v" "/var/lib/crater-agent-workspace/builds/worker-10/source:/opt/rustwide/workdir:ro,Z" "-v" "/var/lib/crater-agent-workspace/cargo-home:/opt/rustwide/cargo-home:ro,Z" "-v" "/var/lib/crater-agent-workspace/rustup-home:/opt/rustwide/rustup-home:ro,Z" "-e" "SOURCE_DIR=/opt/rustwide/workdir" "-e" "CARGO_TARGET_DIR=/opt/rustwide/target" "-e" "CARGO_HOME=/opt/rustwide/cargo-home" "-e" "RUSTUP_HOME=/opt/rustwide/rustup-home" "-w" "/opt/rustwide/workdir" "-m" "1610612736" "--user" "0:0" "--network" "none" "ghcr.io/rust-lang/crates-build-env/linux@sha256:20528e8c29e4536546f0102ce88568b16ea7538393a33fcca951030f7af10457" "/opt/rustwide/cargo-home/bin/cargo" "+ff34b919075f35a1787659e9c448a34b06bab8de" "metadata" "--no-deps" "--format-version=1", kill_on_drop: false }`
[INFO] [stdout] 0855c5f214f9ddafd89b16bd473fc4b12e5e38c9d52b9c0381780560c5c057f6
[INFO] [stderr] WARNING: Your kernel does not support swap limit capabilities or the cgroup is not mounted. Memory limited without swap.
[INFO] running `Command { std: "docker" "start" "-a" "0855c5f214f9ddafd89b16bd473fc4b12e5e38c9d52b9c0381780560c5c057f6", kill_on_drop: false }`
[INFO] running `Command { std: "docker" "inspect" "0855c5f214f9ddafd89b16bd473fc4b12e5e38c9d52b9c0381780560c5c057f6", kill_on_drop: false }`
[INFO] running `Command { std: "docker" "rm" "-f" "0855c5f214f9ddafd89b16bd473fc4b12e5e38c9d52b9c0381780560c5c057f6", kill_on_drop: false }`
[INFO] [stdout] 0855c5f214f9ddafd89b16bd473fc4b12e5e38c9d52b9c0381780560c5c057f6
[INFO] running `Command { std: "docker" "create" "-v" "/var/lib/crater-agent-workspace/builds/worker-10/target:/opt/rustwide/target:rw,Z" "-v" "/var/lib/crater-agent-workspace/builds/worker-10/source:/opt/rustwide/workdir:ro,Z" "-v" "/var/lib/crater-agent-workspace/cargo-home:/opt/rustwide/cargo-home:ro,Z" "-v" "/var/lib/crater-agent-workspace/rustup-home:/opt/rustwide/rustup-home:ro,Z" "-e" "SOURCE_DIR=/opt/rustwide/workdir" "-e" "CARGO_TARGET_DIR=/opt/rustwide/target" "-e" "CARGO_INCREMENTAL=0" "-e" "RUST_BACKTRACE=full" "-e" "RUSTFLAGS=--cap-lints=forbid" "-e" "CARGO_HOME=/opt/rustwide/cargo-home" "-e" "RUSTUP_HOME=/opt/rustwide/rustup-home" "-w" "/opt/rustwide/workdir" "-m" "1610612736" "--user" "0:0" "--network" "none" "ghcr.io/rust-lang/crates-build-env/linux@sha256:20528e8c29e4536546f0102ce88568b16ea7538393a33fcca951030f7af10457" "/opt/rustwide/cargo-home/bin/cargo" "+ff34b919075f35a1787659e9c448a34b06bab8de" "build" "--frozen" "--message-format=json", kill_on_drop: false }`
[INFO] [stdout] b1c87da9474f15fe22898db12c7e8ab4ca617eb68921173c7f8b4e168891a489
[INFO] [stderr] WARNING: Your kernel does not support swap limit capabilities or the cgroup is not mounted. Memory limited without swap.
[INFO] running `Command { std: "docker" "start" "-a" "b1c87da9474f15fe22898db12c7e8ab4ca617eb68921173c7f8b4e168891a489", kill_on_drop: false }`
[INFO] [stderr]    Compiling tachyon v0.1.0 (/opt/rustwide/workdir)
[INFO] [stdout] warning: trait objects without an explicit `dyn` are deprecated
[INFO] [stdout]  --> src/interpreter/mod.rs:7:14
[INFO] [stdout]   |
[INFO] [stdout] 7 | type FnBin = Fn(Vec<f64>) -> f64;
[INFO] [stdout]   |              ^^^^^^^^^^^^^^^^^^^ help: use `dyn`: `dyn Fn(Vec<f64>) -> f64`
[INFO] [stdout]   |
[INFO] [stdout]   = note: `#[warn(bare_trait_objects)]` on by default
[INFO] [stdout]   = warning: this was previously accepted by the compiler but is being phased out; it will become a hard error in the 2021 edition!
[INFO] [stdout]   = note: for more information, see issue #80165 <https://github.com/rust-lang/rust/issues/80165>
[INFO] [stdout] 
[INFO] [stdout] 
[INFO] [stdout] warning: `...` range patterns are deprecated
[INFO] [stdout]   --> src/lexer/mod.rs:31:20
[INFO] [stdout]    |
[INFO] [stdout] 31 |                 '0'...'9' => Token::NumberLiteral(self.read_number()),
[INFO] [stdout]    |                    ^^^ help: use `..=` for an inclusive range
[INFO] [stdout]    |
[INFO] [stdout]    = note: `#[warn(ellipsis_inclusive_range_patterns)]` on by default
[INFO] [stdout]    = warning: this was previously accepted by the compiler but is being phased out; it will become a hard error in the 2021 edition!
[INFO] [stdout]    = note: for more information, see issue #80165 <https://github.com/rust-lang/rust/issues/80165>
[INFO] [stdout] 
[INFO] [stdout] 
[INFO] [stdout] warning: `...` range patterns are deprecated
[INFO] [stdout]   --> src/lexer/mod.rs:35:33
[INFO] [stdout]    |
[INFO] [stdout] 35 |                         Some('0'...'9') => Token::NumberLiteral(-self.read_number()),
[INFO] [stdout]    |                                 ^^^ help: use `..=` for an inclusive range
[INFO] [stdout]    |
[INFO] [stdout]    = warning: this was previously accepted by the compiler but is being phased out; it will become a hard error in the 2021 edition!
[INFO] [stdout]    = note: for more information, see issue #80165 <https://github.com/rust-lang/rust/issues/80165>
[INFO] [stdout] 
[INFO] [stdout] 
[INFO] [stdout] warning: `...` range patterns are deprecated
[INFO] [stdout]   --> src/lexer/mod.rs:66:31
[INFO] [stdout]    |
[INFO] [stdout] 66 |         while let Some(c @ '0'...'9') = self.source.cur_char() {
[INFO] [stdout]    |                               ^^^ help: use `..=` for an inclusive range
[INFO] [stdout]    |
[INFO] [stdout]    = warning: this was previously accepted by the compiler but is being phased out; it will become a hard error in the 2021 edition!
[INFO] [stdout]    = note: for more information, see issue #80165 <https://github.com/rust-lang/rust/issues/80165>
[INFO] [stdout] 
[INFO] [stdout] 
[INFO] [stdout] warning: `...` range patterns are deprecated
[INFO] [stdout]   --> src/lexer/mod.rs:77:35
[INFO] [stdout]    |
[INFO] [stdout] 77 |             while let Some(c @ '0'...'9') = self.source.cur_char() {
[INFO] [stdout]    |                                   ^^^ help: use `..=` for an inclusive range
[INFO] [stdout]    |
[INFO] [stdout]    = warning: this was previously accepted by the compiler but is being phased out; it will become a hard error in the 2021 edition!
[INFO] [stdout]    = note: for more information, see issue #80165 <https://github.com/rust-lang/rust/issues/80165>
[INFO] [stdout] 
[INFO] [stdout] 
[INFO] [stdout] warning: the feature `iterator_repeat_with` has been stable since 1.28.0 and no longer requires an attribute to enable
[INFO] [stdout]  --> src/lib.rs:1:26
[INFO] [stdout]   |
[INFO] [stdout] 1 | #![feature(box_patterns, iterator_repeat_with)]
[INFO] [stdout]   |                          ^^^^^^^^^^^^^^^^^^^^
[INFO] [stdout]   |
[INFO] [stdout]   = note: `#[warn(stable_features)]` on by default
[INFO] [stdout] 
[INFO] [stdout] 
[INFO] [stdout] warning: 6 warnings emitted
[INFO] [stdout] 
[INFO] [stdout] 
[INFO] [stderr]     Finished dev [unoptimized + debuginfo] target(s) in 1.22s
[INFO] running `Command { std: "docker" "inspect" "b1c87da9474f15fe22898db12c7e8ab4ca617eb68921173c7f8b4e168891a489", kill_on_drop: false }`
[INFO] running `Command { std: "docker" "rm" "-f" "b1c87da9474f15fe22898db12c7e8ab4ca617eb68921173c7f8b4e168891a489", kill_on_drop: false }`
[INFO] [stdout] b1c87da9474f15fe22898db12c7e8ab4ca617eb68921173c7f8b4e168891a489
[INFO] running `Command { std: "docker" "create" "-v" "/var/lib/crater-agent-workspace/builds/worker-10/target:/opt/rustwide/target:rw,Z" "-v" "/var/lib/crater-agent-workspace/builds/worker-10/source:/opt/rustwide/workdir:ro,Z" "-v" "/var/lib/crater-agent-workspace/cargo-home:/opt/rustwide/cargo-home:ro,Z" "-v" "/var/lib/crater-agent-workspace/rustup-home:/opt/rustwide/rustup-home:ro,Z" "-e" "SOURCE_DIR=/opt/rustwide/workdir" "-e" "CARGO_TARGET_DIR=/opt/rustwide/target" "-e" "CARGO_INCREMENTAL=0" "-e" "RUST_BACKTRACE=full" "-e" "RUSTFLAGS=--cap-lints=forbid" "-e" "CARGO_HOME=/opt/rustwide/cargo-home" "-e" "RUSTUP_HOME=/opt/rustwide/rustup-home" "-w" "/opt/rustwide/workdir" "-m" "1610612736" "--user" "0:0" "--network" "none" "ghcr.io/rust-lang/crates-build-env/linux@sha256:20528e8c29e4536546f0102ce88568b16ea7538393a33fcca951030f7af10457" "/opt/rustwide/cargo-home/bin/cargo" "+ff34b919075f35a1787659e9c448a34b06bab8de" "test" "--frozen" "--no-run" "--message-format=json", kill_on_drop: false }`
[INFO] [stdout] 7c2251f92db99c948ca3143559b325505e76284c942a87aff6f19448e1673604
[INFO] [stderr] WARNING: Your kernel does not support swap limit capabilities or the cgroup is not mounted. Memory limited without swap.
[INFO] running `Command { std: "docker" "start" "-a" "7c2251f92db99c948ca3143559b325505e76284c942a87aff6f19448e1673604", kill_on_drop: false }`
[INFO] [stdout] warning: trait objects without an explicit `dyn` are deprecated
[INFO] [stdout]  --> src/interpreter/mod.rs:7:14
[INFO] [stdout]   |
[INFO] [stdout] 7 | type FnBin = Fn(Vec<f64>) -> f64;
[INFO] [stdout]   |              ^^^^^^^^^^^^^^^^^^^ help: use `dyn`: `dyn Fn(Vec<f64>) -> f64`
[INFO] [stdout]   |
[INFO] [stdout]   = note: `#[warn(bare_trait_objects)]` on by default
[INFO] [stdout]   = warning: this was previously accepted by the compiler but is being phased out; it will become a hard error in the 2021 edition!
[INFO] [stdout]   = note: for more information, see issue #80165 <https://github.com/rust-lang/rust/issues/80165>
[INFO] [stdout] 
[INFO] [stdout] 
[INFO] [stderr]    Compiling tachyon v0.1.0 (/opt/rustwide/workdir)
[INFO] [stdout] warning: `...` range patterns are deprecated
[INFO] [stdout]   --> src/lexer/mod.rs:31:20
[INFO] [stdout]    |
[INFO] [stdout] 31 |                 '0'...'9' => Token::NumberLiteral(self.read_number()),
[INFO] [stdout]    |                    ^^^ help: use `..=` for an inclusive range
[INFO] [stdout]    |
[INFO] [stdout]    = note: `#[warn(ellipsis_inclusive_range_patterns)]` on by default
[INFO] [stdout]    = warning: this was previously accepted by the compiler but is being phased out; it will become a hard error in the 2021 edition!
[INFO] [stdout]    = note: for more information, see issue #80165 <https://github.com/rust-lang/rust/issues/80165>
[INFO] [stdout] 
[INFO] [stdout] 
[INFO] [stdout] warning: `...` range patterns are deprecated
[INFO] [stdout]   --> src/lexer/mod.rs:35:33
[INFO] [stdout]    |
[INFO] [stdout] 35 |                         Some('0'...'9') => Token::NumberLiteral(-self.read_number()),
[INFO] [stdout]    |                                 ^^^ help: use `..=` for an inclusive range
[INFO] [stdout]    |
[INFO] [stdout]    = warning: this was previously accepted by the compiler but is being phased out; it will become a hard error in the 2021 edition!
[INFO] [stdout]    = note: for more information, see issue #80165 <https://github.com/rust-lang/rust/issues/80165>
[INFO] [stdout] 
[INFO] [stdout] 
[INFO] [stdout] warning: `...` range patterns are deprecated
[INFO] [stdout]   --> src/lexer/mod.rs:66:31
[INFO] [stdout]    |
[INFO] [stdout] 66 |         while let Some(c @ '0'...'9') = self.source.cur_char() {
[INFO] [stdout]    |                               ^^^ help: use `..=` for an inclusive range
[INFO] [stdout]    |
[INFO] [stdout]    = warning: this was previously accepted by the compiler but is being phased out; it will become a hard error in the 2021 edition!
[INFO] [stdout]    = note: for more information, see issue #80165 <https://github.com/rust-lang/rust/issues/80165>
[INFO] [stdout] 
[INFO] [stdout] 
[INFO] [stdout] warning: `...` range patterns are deprecated
[INFO] [stdout]   --> src/lexer/mod.rs:77:35
[INFO] [stdout]    |
[INFO] [stdout] 77 |             while let Some(c @ '0'...'9') = self.source.cur_char() {
[INFO] [stdout]    |                                   ^^^ help: use `..=` for an inclusive range
[INFO] [stdout]    |
[INFO] [stdout]    = warning: this was previously accepted by the compiler but is being phased out; it will become a hard error in the 2021 edition!
[INFO] [stdout]    = note: for more information, see issue #80165 <https://github.com/rust-lang/rust/issues/80165>
[INFO] [stdout] 
[INFO] [stdout] 
[INFO] [stdout] warning: the feature `iterator_repeat_with` has been stable since 1.28.0 and no longer requires an attribute to enable
[INFO] [stdout]  --> src/lib.rs:1:26
[INFO] [stdout]   |
[INFO] [stdout] 1 | #![feature(box_patterns, iterator_repeat_with)]
[INFO] [stdout]   |                          ^^^^^^^^^^^^^^^^^^^^
[INFO] [stdout]   |
[INFO] [stdout]   = note: `#[warn(stable_features)]` on by default
[INFO] [stdout] 
[INFO] [stdout] 
[INFO] [stdout] warning: 6 warnings emitted
[INFO] [stdout] 
[INFO] [stdout] 
[INFO] [stdout] error[E0433]: failed to resolve: use of undeclared type `Operator`
[INFO] [stdout]  --> src/parser/tests.rs:8:17
[INFO] [stdout]   |
[INFO] [stdout] 8 |             op: Operator::Add,
[INFO] [stdout]   |                 ^^^^^^^^ use of undeclared type `Operator`
[INFO] [stdout] 
[INFO] [stdout] 
[INFO] [stdout] error[E0433]: failed to resolve: use of undeclared type `Operator`
[INFO] [stdout]   --> src/parser/tests.rs:17:17
[INFO] [stdout]    |
[INFO] [stdout] 17 |             op: Operator::Multiply,
[INFO] [stdout]    |                 ^^^^^^^^ use of undeclared type `Operator`
[INFO] [stdout] 
[INFO] [stdout] 
[INFO] [stdout] error[E0433]: failed to resolve: use of undeclared type `Operator`
[INFO] [stdout]   --> src/parser/tests.rs:31:17
[INFO] [stdout]    |
[INFO] [stdout] 31 |             op: Operator::Add,
[INFO] [stdout]    |                 ^^^^^^^^ use of undeclared type `Operator`
[INFO] [stdout] 
[INFO] [stdout] 
[INFO] [stdout] error[E0433]: failed to resolve: use of undeclared type `Operator`
[INFO] [stdout]   --> src/parser/tests.rs:40:17
[INFO] [stdout]    |
[INFO] [stdout] 40 |             op: Operator::Multiply,
[INFO] [stdout]    |                 ^^^^^^^^ use of undeclared type `Operator`
[INFO] [stdout] 
[INFO] [stdout] 
[INFO] [stdout] error[E0433]: failed to resolve: use of undeclared type `Operator`
[INFO] [stdout]   --> src/parser/tests.rs:42:21
[INFO] [stdout]    |
[INFO] [stdout] 42 |                 op: Operator::Add,
[INFO] [stdout]    |                     ^^^^^^^^ use of undeclared type `Operator`
[INFO] [stdout] 
[INFO] [stdout] 
[INFO] [stdout] error[E0433]: failed to resolve: use of undeclared type `Operator`
[INFO] [stdout]   --> src/parser/tests.rs:47:21
[INFO] [stdout]    |
[INFO] [stdout] 47 |                 op: Operator::Multiply,
[INFO] [stdout]    |                     ^^^^^^^^ use of undeclared type `Operator`
[INFO] [stdout] 
[INFO] [stdout] 
[INFO] [stdout] error[E0433]: failed to resolve: use of undeclared type `Operator`
[INFO] [stdout]   --> src/parser/tests.rs:49:25
[INFO] [stdout]    |
[INFO] [stdout] 49 |                     op: Operator::Subtract,
[INFO] [stdout]    |                         ^^^^^^^^ use of undeclared type `Operator`
[INFO] [stdout] 
[INFO] [stdout] 
[INFO] [stdout] warning: trait objects without an explicit `dyn` are deprecated
[INFO] [stdout]  --> src/interpreter/mod.rs:7:14
[INFO] [stdout]   |
[INFO] [stdout] 7 | type FnBin = Fn(Vec<f64>) -> f64;
[INFO] [stdout]   |              ^^^^^^^^^^^^^^^^^^^ help: use `dyn`: `dyn Fn(Vec<f64>) -> f64`
[INFO] [stdout]   |
[INFO] [stdout]   = note: `#[warn(bare_trait_objects)]` on by default
[INFO] [stdout]   = warning: this was previously accepted by the compiler but is being phased out; it will become a hard error in the 2021 edition!
[INFO] [stdout]   = note: for more information, see issue #80165 <https://github.com/rust-lang/rust/issues/80165>
[INFO] [stdout] 
[INFO] [stdout] 
[INFO] [stdout] warning: `...` range patterns are deprecated
[INFO] [stdout]   --> src/lexer/mod.rs:31:20
[INFO] [stdout]    |
[INFO] [stdout] 31 |                 '0'...'9' => Token::NumberLiteral(self.read_number()),
[INFO] [stdout]    |                    ^^^ help: use `..=` for an inclusive range
[INFO] [stdout]    |
[INFO] [stdout]    = note: `#[warn(ellipsis_inclusive_range_patterns)]` on by default
[INFO] [stdout]    = warning: this was previously accepted by the compiler but is being phased out; it will become a hard error in the 2021 edition!
[INFO] [stdout]    = note: for more information, see issue #80165 <https://github.com/rust-lang/rust/issues/80165>
[INFO] [stdout] 
[INFO] [stdout] 
[INFO] [stdout] warning: `...` range patterns are deprecated
[INFO] [stdout]   --> src/lexer/mod.rs:35:33
[INFO] [stdout]    |
[INFO] [stdout] 35 |                         Some('0'...'9') => Token::NumberLiteral(-self.read_number()),
[INFO] [stdout]    |                                 ^^^ help: use `..=` for an inclusive range
[INFO] [stdout]    |
[INFO] [stdout]    = warning: this was previously accepted by the compiler but is being phased out; it will become a hard error in the 2021 edition!
[INFO] [stdout]    = note: for more information, see issue #80165 <https://github.com/rust-lang/rust/issues/80165>
[INFO] [stdout] 
[INFO] [stdout] 
[INFO] [stdout] warning: `...` range patterns are deprecated
[INFO] [stdout]   --> src/lexer/mod.rs:66:31
[INFO] [stdout]    |
[INFO] [stdout] 66 |         while let Some(c @ '0'...'9') = self.source.cur_char() {
[INFO] [stdout]    |                               ^^^ help: use `..=` for an inclusive range
[INFO] [stdout]    |
[INFO] [stdout]    = warning: this was previously accepted by the compiler but is being phased out; it will become a hard error in the 2021 edition!
[INFO] [stdout]    = note: for more information, see issue #80165 <https://github.com/rust-lang/rust/issues/80165>
[INFO] [stdout] 
[INFO] [stdout] 
[INFO] [stdout] warning: `...` range patterns are deprecated
[INFO] [stdout]   --> src/lexer/mod.rs:77:35
[INFO] [stdout]    |
[INFO] [stdout] 77 |             while let Some(c @ '0'...'9') = self.source.cur_char() {
[INFO] [stdout]    |                                   ^^^ help: use `..=` for an inclusive range
[INFO] [stdout]    |
[INFO] [stdout]    = warning: this was previously accepted by the compiler but is being phased out; it will become a hard error in the 2021 edition!
[INFO] [stdout]    = note: for more information, see issue #80165 <https://github.com/rust-lang/rust/issues/80165>
[INFO] [stdout] 
[INFO] [stdout] 
[INFO] [stdout] error[E0061]: this function takes 2 arguments but 1 argument was supplied
[INFO] [stdout]   --> src/interpreter/tests.rs:5:16
[INFO] [stdout]    |
[INFO] [stdout] 5  |     assert_eq!(eval_expr(&Parser::new("(+ 9 0)").parse_expression()), 9.0);
[INFO] [stdout]    |                ^^^^^^^^^ ------------------------------------------ supplied 1 argument
[INFO] [stdout]    |                |
[INFO] [stdout]    |                expected 2 arguments
[INFO] [stdout]    |
[INFO] [stdout] note: function defined here
[INFO] [stdout]   --> src/interpreter/mod.rs:31:4
[INFO] [stdout]    |
[INFO] [stdout] 31 | fn eval_expr(expr: &Expr, ctx: &HashMap<String, Box<FnBin>>) -> f64 {
[INFO] [stdout]    |    ^^^^^^^^^ -----------  ---------------------------------
[INFO] [stdout] 
[INFO] [stdout] 
[INFO] [stdout] error[E0061]: this function takes 2 arguments but 1 argument was supplied
[INFO] [stdout]   --> src/interpreter/tests.rs:6:16
[INFO] [stdout]    |
[INFO] [stdout] 6  |     assert_eq!(eval_expr(&Parser::new("(+ 4 1)").parse_expression()), 5.0);
[INFO] [stdout]    |                ^^^^^^^^^ ------------------------------------------ supplied 1 argument
[INFO] [stdout]    |                |
[INFO] [stdout]    |                expected 2 arguments
[INFO] [stdout]    |
[INFO] [stdout] note: function defined here
[INFO] [stdout]   --> src/interpreter/mod.rs:31:4
[INFO] [stdout]    |
[INFO] [stdout] 31 | fn eval_expr(expr: &Expr, ctx: &HashMap<String, Box<FnBin>>) -> f64 {
[INFO] [stdout]    |    ^^^^^^^^^ -----------  ---------------------------------
[INFO] [stdout] 
[INFO] [stdout] 
[INFO] [stdout] error[E0061]: this function takes 2 arguments but 1 argument was supplied
[INFO] [stdout]   --> src/interpreter/tests.rs:8:9
[INFO] [stdout]    |
[INFO] [stdout] 8  |         eval_expr(&Parser::new("(+ 321 48)").parse_expression()),
[INFO] [stdout]    |         ^^^^^^^^^ --------------------------------------------- supplied 1 argument
[INFO] [stdout]    |         |
[INFO] [stdout]    |         expected 2 arguments
[INFO] [stdout]    |
[INFO] [stdout] note: function defined here
[INFO] [stdout]   --> src/interpreter/mod.rs:31:4
[INFO] [stdout]    |
[INFO] [stdout] 31 | fn eval_expr(expr: &Expr, ctx: &HashMap<String, Box<FnBin>>) -> f64 {
[INFO] [stdout]    |    ^^^^^^^^^ -----------  ---------------------------------
[INFO] [stdout] 
[INFO] [stdout] 
[INFO] [stdout] error[E0061]: this function takes 2 arguments but 1 argument was supplied
[INFO] [stdout]   --> src/interpreter/tests.rs:12:16
[INFO] [stdout]    |
[INFO] [stdout] 12 |     assert_eq!(eval_expr(&Parser::new("(* 4 6)").parse_expression()), 24.0);
[INFO] [stdout]    |                ^^^^^^^^^ ------------------------------------------ supplied 1 argument
[INFO] [stdout]    |                |
[INFO] [stdout]    |                expected 2 arguments
[INFO] [stdout]    |
[INFO] [stdout] note: function defined here
[INFO] [stdout]   --> src/interpreter/mod.rs:31:4
[INFO] [stdout]    |
[INFO] [stdout] 31 | fn eval_expr(expr: &Expr, ctx: &HashMap<String, Box<FnBin>>) -> f64 {
[INFO] [stdout]    |    ^^^^^^^^^ -----------  ---------------------------------
[INFO] [stdout] 
[INFO] [stdout] 
[INFO] [stdout] error[E0061]: this function takes 2 arguments but 1 argument was supplied
[INFO] [stdout]   --> src/interpreter/tests.rs:14:9
[INFO] [stdout]    |
[INFO] [stdout] 14 |         eval_expr(&Parser::new("(* 24 10)").parse_expression()),
[INFO] [stdout]    |         ^^^^^^^^^ -------------------------------------------- supplied 1 argument
[INFO] [stdout]    |         |
[INFO] [stdout]    |         expected 2 arguments
[INFO] [stdout]    |
[INFO] [stdout] note: function defined here
[INFO] [stdout]   --> src/interpreter/mod.rs:31:4
[INFO] [stdout]    |
[INFO] [stdout] 31 | fn eval_expr(expr: &Expr, ctx: &HashMap<String, Box<FnBin>>) -> f64 {
[INFO] [stdout]    |    ^^^^^^^^^ -----------  ---------------------------------
[INFO] [stdout] 
[INFO] [stdout] 
[INFO] [stdout] error[E0061]: this function takes 2 arguments but 1 argument was supplied
[INFO] [stdout]   --> src/interpreter/tests.rs:19:9
[INFO] [stdout]    |
[INFO] [stdout] 19 |         eval_expr(&Parser::new("(+ (* 23 11) (* 2 (- 3 4)))").parse_expression()),
[INFO] [stdout]    |         ^^^^^^^^^ -------------------------------------------------------------- supplied 1 argument
[INFO] [stdout]    |         |
[INFO] [stdout]    |         expected 2 arguments
[INFO] [stdout]    |
[INFO] [stdout] note: function defined here
[INFO] [stdout]   --> src/interpreter/mod.rs:31:4
[INFO] [stdout]    |
[INFO] [stdout] 31 | fn eval_expr(expr: &Expr, ctx: &HashMap<String, Box<FnBin>>) -> f64 {
[INFO] [stdout]    |    ^^^^^^^^^ -----------  ---------------------------------
[INFO] [stdout] 
[INFO] [stdout] 
[INFO] [stdout] error[E0308]: mismatched types
[INFO] [stdout]   --> src/lexer/tests.rs:16:27
[INFO] [stdout]    |
[INFO] [stdout] 16 |         Token::Identifier('+'),
[INFO] [stdout]    |                           ^^^
[INFO] [stdout]    |                           |
[INFO] [stdout]    |                           expected struct `String`, found `char`
[INFO] [stdout]    |                           help: try using a conversion method: `'+'.to_string()`
[INFO] [stdout] 
[INFO] [stdout] 
[INFO] [stdout] error[E0308]: mismatched types
[INFO] [stdout]   --> src/lexer/tests.rs:17:27
[INFO] [stdout]    |
[INFO] [stdout] 17 |         Token::Identifier('-'),
[INFO] [stdout]    |                           ^^^
[INFO] [stdout]    |                           |
[INFO] [stdout]    |                           expected struct `String`, found `char`
[INFO] [stdout]    |                           help: try using a conversion method: `'-'.to_string()`
[INFO] [stdout] 
[INFO] [stdout] 
[INFO] [stdout] error[E0308]: mismatched types
[INFO] [stdout]   --> src/lexer/tests.rs:18:27
[INFO] [stdout]    |
[INFO] [stdout] 18 |         Token::Identifier('*'),
[INFO] [stdout]    |                           ^^^
[INFO] [stdout]    |                           |
[INFO] [stdout]    |                           expected struct `String`, found `char`
[INFO] [stdout]    |                           help: try using a conversion method: `'*'.to_string()`
[INFO] [stdout] 
[INFO] [stdout] 
[INFO] [stdout] error[E0308]: mismatched types
[INFO] [stdout]   --> src/lexer/tests.rs:19:27
[INFO] [stdout]    |
[INFO] [stdout] 19 |         Token::Identifier('/'),
[INFO] [stdout]    |                           ^^^
[INFO] [stdout]    |                           |
[INFO] [stdout]    |                           expected struct `String`, found `char`
[INFO] [stdout]    |                           help: try using a conversion method: `'/'.to_string()`
[INFO] [stdout] 
[INFO] [stdout] 
[INFO] [stdout] error[E0599]: no variant or associated item named `Unknown` found for enum `lexer::Token` in the current scope
[INFO] [stdout]   --> src/lexer/tests.rs:28:16
[INFO] [stdout]    |
[INFO] [stdout] 28 |         Token::Unknown('a'),
[INFO] [stdout]    |                ^^^^^^^ variant or associated item not found in `lexer::Token`
[INFO] [stdout]    | 
[INFO] [stdout]   ::: src/lexer/mod.rs:8:1
[INFO] [stdout]    |
[INFO] [stdout] 8  | pub enum Token {
[INFO] [stdout]    | -------------- variant or associated item `Unknown` not found here
[INFO] [stdout] 
[INFO] [stdout] 
[INFO] [stdout] error[E0599]: no variant or associated item named `Unknown` found for enum `lexer::Token` in the current scope
[INFO] [stdout]   --> src/lexer/tests.rs:29:16
[INFO] [stdout]    |
[INFO] [stdout] 29 |         Token::Unknown('$'),
[INFO] [stdout]    |                ^^^^^^^ variant or associated item not found in `lexer::Token`
[INFO] [stdout]    | 
[INFO] [stdout]   ::: src/lexer/mod.rs:8:1
[INFO] [stdout]    |
[INFO] [stdout] 8  | pub enum Token {
[INFO] [stdout]    | -------------- variant or associated item `Unknown` not found here
[INFO] [stdout] 
[INFO] [stdout] 
[INFO] [stdout] error[E0599]: no variant or associated item named `Unknown` found for enum `lexer::Token` in the current scope
[INFO] [stdout]   --> src/lexer/tests.rs:30:16
[INFO] [stdout]    |
[INFO] [stdout] 30 |         Token::Unknown('#'),
[INFO] [stdout]    |                ^^^^^^^ variant or associated item not found in `lexer::Token`
[INFO] [stdout]    | 
[INFO] [stdout]   ::: src/lexer/mod.rs:8:1
[INFO] [stdout]    |
[INFO] [stdout] 8  | pub enum Token {
[INFO] [stdout]    | -------------- variant or associated item `Unknown` not found here
[INFO] [stdout] 
[INFO] [stdout] 
[INFO] [stdout] error[E0599]: no variant or associated item named `Unknown` found for enum `lexer::Token` in the current scope
[INFO] [stdout]   --> src/lexer/tests.rs:31:16
[INFO] [stdout]    |
[INFO] [stdout] 31 |         Token::Unknown('~'),
[INFO] [stdout]    |                ^^^^^^^ variant or associated item not found in `lexer::Token`
[INFO] [stdout]    | 
[INFO] [stdout]   ::: src/lexer/mod.rs:8:1
[INFO] [stdout]    |
[INFO] [stdout] 8  | pub enum Token {
[INFO] [stdout]    | -------------- variant or associated item `Unknown` not found here
[INFO] [stdout] 
[INFO] [stdout] 
[INFO] [stdout] error[E0599]: no variant or associated item named `Unknown` found for enum `lexer::Token` in the current scope
[INFO] [stdout]   --> src/lexer/tests.rs:32:16
[INFO] [stdout]    |
[INFO] [stdout] 32 |         Token::Unknown('`'),
[INFO] [stdout]    |                ^^^^^^^ variant or associated item not found in `lexer::Token`
[INFO] [stdout]    | 
[INFO] [stdout]   ::: src/lexer/mod.rs:8:1
[INFO] [stdout]    |
[INFO] [stdout] 8  | pub enum Token {
[INFO] [stdout]    | -------------- variant or associated item `Unknown` not found here
[INFO] [stdout] 
[INFO] [stdout] 
[INFO] [stdout] error[E0599]: no variant or associated item named `Number` found for enum `lexer::Token` in the current scope
[INFO] [stdout]   --> src/lexer/tests.rs:40:21
[INFO] [stdout]    |
[INFO] [stdout] 40 |         Some(Token::Number(1234567890.0))
[INFO] [stdout]    |                     ^^^^^^ variant or associated item not found in `lexer::Token`
[INFO] [stdout]    | 
[INFO] [stdout]   ::: src/lexer/mod.rs:8:1
[INFO] [stdout]    |
[INFO] [stdout] 8  | pub enum Token {
[INFO] [stdout]    | -------------- variant or associated item `Number` not found here
[INFO] [stdout] 
[INFO] [stdout] 
[INFO] [stdout] error[E0599]: no variant or associated item named `Number` found for enum `lexer::Token` in the current scope
[INFO] [stdout]   --> src/lexer/tests.rs:44:21
[INFO] [stdout]    |
[INFO] [stdout] 44 |         Some(Token::Number(456456.5565))
[INFO] [stdout]    |                     ^^^^^^ variant or associated item not found in `lexer::Token`
[INFO] [stdout]    | 
[INFO] [stdout]   ::: src/lexer/mod.rs:8:1
[INFO] [stdout]    |
[INFO] [stdout] 8  | pub enum Token {
[INFO] [stdout]    | -------------- variant or associated item `Number` not found here
[INFO] [stdout] 
[INFO] [stdout] 
[INFO] [stdout] error[E0599]: no variant or associated item named `Number` found for enum `lexer::Token` in the current scope
[INFO] [stdout]   --> src/lexer/tests.rs:48:21
[INFO] [stdout]    |
[INFO] [stdout] 48 |         Some(Token::Number(-123132.0))
[INFO] [stdout]    |                     ^^^^^^ variant or associated item not found in `lexer::Token`
[INFO] [stdout]    | 
[INFO] [stdout]   ::: src/lexer/mod.rs:8:1
[INFO] [stdout]    |
[INFO] [stdout] 8  | pub enum Token {
[INFO] [stdout]    | -------------- variant or associated item `Number` not found here
[INFO] [stdout] 
[INFO] [stdout] 
[INFO] [stdout] error[E0599]: no variant or associated item named `Number` found for enum `lexer::Token` in the current scope
[INFO] [stdout]   --> src/lexer/tests.rs:56:16
[INFO] [stdout]    |
[INFO] [stdout] 56 |         Token::Number(123.0),
[INFO] [stdout]    |                ^^^^^^ variant or associated item not found in `lexer::Token`
[INFO] [stdout]    | 
[INFO] [stdout]   ::: src/lexer/mod.rs:8:1
[INFO] [stdout]    |
[INFO] [stdout] 8  | pub enum Token {
[INFO] [stdout]    | -------------- variant or associated item `Number` not found here
[INFO] [stdout] 
[INFO] [stdout] 
[INFO] [stdout] error[E0599]: no variant or associated item named `Number` found for enum `lexer::Token` in the current scope
[INFO] [stdout]   --> src/lexer/tests.rs:57:16
[INFO] [stdout]    |
[INFO] [stdout] 57 |         Token::Number(456.112),
[INFO] [stdout]    |                ^^^^^^ variant or associated item not found in `lexer::Token`
[INFO] [stdout]    | 
[INFO] [stdout]   ::: src/lexer/mod.rs:8:1
[INFO] [stdout]    |
[INFO] [stdout] 8  | pub enum Token {
[INFO] [stdout]    | -------------- variant or associated item `Number` not found here
[INFO] [stdout] 
[INFO] [stdout] 
[INFO] [stdout] error[E0308]: mismatched types
[INFO] [stdout]   --> src/lexer/tests.rs:58:27
[INFO] [stdout]    |
[INFO] [stdout] 58 |         Token::Identifier('-'),
[INFO] [stdout]    |                           ^^^
[INFO] [stdout]    |                           |
[INFO] [stdout]    |                           expected struct `String`, found `char`
[INFO] [stdout]    |                           help: try using a conversion method: `'-'.to_string()`
[INFO] [stdout] 
[INFO] [stdout] 
[INFO] [stdout] error[E0599]: no variant or associated item named `Number` found for enum `lexer::Token` in the current scope
[INFO] [stdout]   --> src/lexer/tests.rs:59:16
[INFO] [stdout]    |
[INFO] [stdout] 59 |         Token::Number(789.0),
[INFO] [stdout]    |                ^^^^^^ variant or associated item not found in `lexer::Token`
[INFO] [stdout]    | 
[INFO] [stdout]   ::: src/lexer/mod.rs:8:1
[INFO] [stdout]    |
[INFO] [stdout] 8  | pub enum Token {
[INFO] [stdout]    | -------------- variant or associated item `Number` not found here
[INFO] [stdout] 
[INFO] [stdout] 
[INFO] [stdout] error[E0599]: no variant or associated item named `Number` found for enum `lexer::Token` in the current scope
[INFO] [stdout]   --> src/lexer/tests.rs:60:16
[INFO] [stdout]    |
[INFO] [stdout] 60 |         Token::Number(-789.0),
[INFO] [stdout]    |                ^^^^^^ variant or associated item not found in `lexer::Token`
[INFO] [stdout]    | 
[INFO] [stdout]   ::: src/lexer/mod.rs:8:1
[INFO] [stdout]    |
[INFO] [stdout] 8  | pub enum Token {
[INFO] [stdout]    | -------------- variant or associated item `Number` not found here
[INFO] [stdout] 
[INFO] [stdout] 
[INFO] [stdout] error[E0308]: mismatched types
[INFO] [stdout]   --> src/lexer/tests.rs:68:27
[INFO] [stdout]    |
[INFO] [stdout] 68 |         Token::Identifier('+'),
[INFO] [stdout]    |                           ^^^
[INFO] [stdout]    |                           |
[INFO] [stdout]    |                           expected struct `String`, found `char`
[INFO] [stdout]    |                           help: try using a conversion method: `'+'.to_string()`
[INFO] [stdout] 
[INFO] [stdout] 
[INFO] [stdout] error[E0599]: no variant or associated item named `Number` found for enum `lexer::Token` in the current scope
[INFO] [stdout]   --> src/lexer/tests.rs:69:16
[INFO] [stdout]    |
[INFO] [stdout] 69 |         Token::Number(123.0),
[INFO] [stdout]    |                ^^^^^^ variant or associated item not found in `lexer::Token`
[INFO] [stdout]    | 
[INFO] [stdout]   ::: src/lexer/mod.rs:8:1
[INFO] [stdout]    |
[INFO] [stdout] 8  | pub enum Token {
[INFO] [stdout]    | -------------- variant or associated item `Number` not found here
[INFO] [stdout] 
[INFO] [stdout] 
[INFO] [stdout] error[E0599]: no variant or associated item named `Number` found for enum `lexer::Token` in the current scope
[INFO] [stdout]   --> src/lexer/tests.rs:70:16
[INFO] [stdout]    |
[INFO] [stdout] 70 |         Token::Number(-245.0),
[INFO] [stdout]    |                ^^^^^^ variant or associated item not found in `lexer::Token`
[INFO] [stdout]    | 
[INFO] [stdout]   ::: src/lexer/mod.rs:8:1
[INFO] [stdout]    |
[INFO] [stdout] 8  | pub enum Token {
[INFO] [stdout]    | -------------- variant or associated item `Number` not found here
[INFO] [stdout] 
[INFO] [stdout] 
[INFO] [stdout] error[E0308]: mismatched types
[INFO] [stdout]   --> src/lexer/tests.rs:76:27
[INFO] [stdout]    |
[INFO] [stdout] 76 |         Token::Identifier('*'),
[INFO] [stdout]    |                           ^^^
[INFO] [stdout]    |                           |
[INFO] [stdout]    |                           expected struct `String`, found `char`
[INFO] [stdout]    |                           help: try using a conversion method: `'*'.to_string()`
[INFO] [stdout] 
[INFO] [stdout] 
[INFO] [stdout] error[E0599]: no variant or associated item named `Number` found for enum `lexer::Token` in the current scope
[INFO] [stdout]   --> src/lexer/tests.rs:77:16
[INFO] [stdout]    |
[INFO] [stdout] 77 |         Token::Number(398.489),
[INFO] [stdout]    |                ^^^^^^ variant or associated item not found in `lexer::Token`
[INFO] [stdout]    | 
[INFO] [stdout]   ::: src/lexer/mod.rs:8:1
[INFO] [stdout]    |
[INFO] [stdout] 8  | pub enum Token {
[INFO] [stdout]    | -------------- variant or associated item `Number` not found here
[INFO] [stdout] 
[INFO] [stdout] 
[INFO] [stdout] error[E0599]: no variant or associated item named `Number` found for enum `lexer::Token` in the current scope
[INFO] [stdout]   --> src/lexer/tests.rs:78:16
[INFO] [stdout]    |
[INFO] [stdout] 78 |         Token::Number(4788.0),
[INFO] [stdout]    |                ^^^^^^ variant or associated item not found in `lexer::Token`
[INFO] [stdout]    | 
[INFO] [stdout]   ::: src/lexer/mod.rs:8:1
[INFO] [stdout]    |
[INFO] [stdout] 8  | pub enum Token {
[INFO] [stdout]    | -------------- variant or associated item `Number` not found here
[INFO] [stdout] 
[INFO] [stdout] 
[INFO] [stdout] error[E0308]: mismatched types
[INFO] [stdout]   --> src/lexer/tests.rs:84:27
[INFO] [stdout]    |
[INFO] [stdout] 84 |         Token::Identifier('-'),
[INFO] [stdout]    |                           ^^^
[INFO] [stdout]    |                           |
[INFO] [stdout]    |                           expected struct `String`, found `char`
[INFO] [stdout]    |                           help: try using a conversion method: `'-'.to_string()`
[INFO] [stdout] 
[INFO] [stdout] 
[INFO] [stdout] error[E0308]: mismatched types
[INFO] [stdout]   --> src/lexer/tests.rs:86:27
[INFO] [stdout]    |
[INFO] [stdout] 86 |         Token::Identifier('/'),
[INFO] [stdout]    |                           ^^^
[INFO] [stdout]    |                           |
[INFO] [stdout]    |                           expected struct `String`, found `char`
[INFO] [stdout]    |                           help: try using a conversion method: `'/'.to_string()`
[INFO] [stdout] 
[INFO] [stdout] 
[INFO] [stdout] error[E0599]: no variant or associated item named `Number` found for enum `lexer::Token` in the current scope
[INFO] [stdout]   --> src/lexer/tests.rs:87:16
[INFO] [stdout]    |
[INFO] [stdout] 87 |         Token::Number(98.0),
[INFO] [stdout]    |                ^^^^^^ variant or associated item not found in `lexer::Token`
[INFO] [stdout]    | 
[INFO] [stdout]   ::: src/lexer/mod.rs:8:1
[INFO] [stdout]    |
[INFO] [stdout] 8  | pub enum Token {
[INFO] [stdout]    | -------------- variant or associated item `Number` not found here
[INFO] [stdout] 
[INFO] [stdout] 
[INFO] [stdout] error[E0599]: no variant or associated item named `Number` found for enum `lexer::Token` in the current scope
[INFO] [stdout]   --> src/lexer/tests.rs:88:16
[INFO] [stdout]    |
[INFO] [stdout] 88 |         Token::Number(4.0),
[INFO] [stdout]    |                ^^^^^^ variant or associated item not found in `lexer::Token`
[INFO] [stdout]    | 
[INFO] [stdout]   ::: src/lexer/mod.rs:8:1
[INFO] [stdout]    |
[INFO] [stdout] 8  | pub enum Token {
[INFO] [stdout]    | -------------- variant or associated item `Number` not found here
[INFO] [stdout] 
[INFO] [stdout] 
[INFO] [stdout] error[E0599]: no variant or associated item named `Number` found for enum `lexer::Token` in the current scope
[INFO] [stdout]   --> src/lexer/tests.rs:90:16
[INFO] [stdout]    |
[INFO] [stdout] 90 |         Token::Number(788.0),
[INFO] [stdout]    |                ^^^^^^ variant or associated item not found in `lexer::Token`
[INFO] [stdout]    | 
[INFO] [stdout]   ::: src/lexer/mod.rs:8:1
[INFO] [stdout]    |
[INFO] [stdout] 8  | pub enum Token {
[INFO] [stdout]    | -------------- variant or associated item `Number` not found here
[INFO] [stdout] 
[INFO] [stdout] 
[INFO] [stdout] error: aborting due to 41 previous errors; 5 warnings emitted
[INFO] [stdout] 
[INFO] [stdout] 
[INFO] [stdout] Some errors have detailed explanations: E0061, E0308, E0433, E0599.
[INFO] [stdout] 
[INFO] [stdout] For more information about an error, try `rustc --explain E0061`.
[INFO] [stdout] 
[INFO] [stderr] error: could not compile `tachyon`
[INFO] [stderr] 
[INFO] [stderr] To learn more, run the command again with --verbose.
[INFO] [stderr] warning: build failed, waiting for other jobs to finish...
[INFO] [stderr] error: build failed
[INFO] running `Command { std: "docker" "inspect" "7c2251f92db99c948ca3143559b325505e76284c942a87aff6f19448e1673604", kill_on_drop: false }`
[INFO] running `Command { std: "docker" "rm" "-f" "7c2251f92db99c948ca3143559b325505e76284c942a87aff6f19448e1673604", kill_on_drop: false }`
[INFO] [stdout] 7c2251f92db99c948ca3143559b325505e76284c942a87aff6f19448e1673604
